be n(-2). Let k(f) = 179*f - 2. Let h be k(q). Suppose 0 = 2*s + s - h. Is s a composite number?
False
Let c(o) = -o**3 + o**2 + o + 95. Let j be c(0). Let i(g) = 68*g**2 + 0*g + j*g**2 - 2*g + 1 + g. Is i(-2) composite?
True
Let f be (-5904)/(-10) - 20/50. Suppose 9*c = 7*c + f. Is c a prime number?
False
Let f = -898 + 1391. Is f composite?
True
Let s(m) = m**2 - 4*m. Let u be s(4). Let c be (u + 28/(-5))*20. Let g = 153 - c. Is g composite?
True
Is (81814/190)/((-2)/(-10)) a prime number?
True
Let r(s) = 6615*s**2 - 7*s + 1. Is r(1) a prime number?
False
Suppose -89 = -4*x + y, 0 = -3*x - 4*y + 25 + 37. Suppose 3*r - x = -10. Suppose 0 = 4*a + 5*u + 13 - 77, -2*a - r*u = -38. Is a a prime number?
True
Let l be 14/3 + 2/(-3). Suppose l*x - 5 = -4*b - x, 2*b = x + 13. Suppose 63 = b*i - 2. Is i prime?
True
Suppose -4*a + 8*a + 2256 = 0. Is ((-2)/1)/(8/a) composite?
True
Suppose 12*d - 5511 = 7*d + 4*h, 0 = -4*d - 3*h + 4384. Is d composite?
True
Let n(b) be the first derivative of b**2 + 5*b + 2. Let d be n(6). Suppose 2*u = -w + 3*u + d, 25 = w - 5*u. Is w composite?
True
Suppose 22241 = 22*u + u. Is u a prime number?
True
Suppose 33*q - 330899 - 100774 = 0. Is q a prime number?
False
Let w = -18 + 18. Suppose -5*c = -5*v - w*v - 300, 3*c - 170 = v. Is c composite?
True
Let i(q) = 1450*q**2 + 4*q - 20. Is i(3) composite?
True
Suppose 4*n + 170 + 66 = 0. Let w = n + 70. Is w composite?
False
Suppose -u + 202 - 39 = 0. Suppose u - 526 = -3*w. Is w prime?
False
Suppose 0 = 10*a + 2 - 22. Suppose 5*c - 5713 = -3*k + 6*k, 3*c - 3427 = a*k. Is c a prime number?
False
Let z(s) = s**2 + 11*s + 15. Let k be z(-10). Let d(t) = -6*t**2 + 6*t - 2. Let o be d(k). Let x = o - -225. Is x prime?
True
Let i = -10400 + 3746. Let l = -2213 - i. Is l a composite number?
False
Let g(n) = 2*n**3 + 12*n**2 - 28*n + 71. Is g(17) composite?
False
Suppose 0 = -214*m + 222*m - 34424. Is m composite?
True
Suppose -2*g - 5 = -5*a - 2, -4*a = -5*g + 1. Is a/(-3) - 230/(-15) a composite number?
True
Let l be 4/10 - (-16)/10. Suppose 10*j = 16 + 24. Suppose -15 = -7*t + l*t, 0 = -j*w - 2*t + 282. Is w composite?
True
Let u(l) = 2298*l**2 + 11. Is u(3) composite?
False
Let h(w) = -w**3 - w**2 + 5*w - 2. Suppose -4*d = -10 - 6, -4*k - 24 = d. Is h(k) prime?
True
Let n(g) = -1552*g - 377. Is n(-7) composite?
False
Let p be ((-2)/(-6))/((-2)/(-12)). Let c be (24/(-30))/(p/5). Is 1821/9 - c/3 composite?
True
Let z(o) = -613*o - 30. Is z(-5) a composite number?
True
Let c be (-210)/4*(-2896)/20. Suppose 0 = 4*w + 2*l - c, -3*l + 4908 = 3*w - 792. Is w composite?
False
Suppose -20*v = -19*v - 4. Suppose -5*a = 5*q - 14770, a + 11826 = v*q + 3*a. Is q composite?
True
Suppose -2*l + 6*l + 15 = u, 3*u - 9 = 0. Let c be 179 + (l - -2) + 0. Let t = c - 119. Is t a prime number?
True
Let k = -192 - -9425. Is k composite?
True
Let i = -18 + 177. Let v = i - -1618. Is v a prime number?
True
Let d = -10 + 14. Suppose d*j - j = 891. Suppose -5*a + j = -348. Is a prime?
False
Is (-3)/(-6)*(1 - (-2 + -395)) a prime number?
True
Suppose 3*y + y - 3*i - 49474 = 0, -2*y - 5*i = -24724. Is y a prime number?
False
Let h = -397 + 1045. Suppose 4*y + 3*c - 1360 = 0, -3*y + 359 = -c - h. Is y prime?
True
Suppose -22*f = -67176 + 18710. Is f prime?
True
Let d = 46458 + -13115. Is d a prime number?
True
Suppose -d = j - 35779 - 3268, d = 4*j + 39047. Is d a prime number?
True
Suppose 3*w - 4*i + 971 = -0*i, -2*i + 1308 = -4*w. Suppose -b = 7*v - 2*v + 934, 5*v = 5*b - 910. Let n = v - w. Is n a prime number?
False
Let h = -1995 + 6616. Is h prime?
True
Is (12/(-4))/(-3)*102059 a composite number?
False
Let p = 532 - -113. Suppose 8*x + 2*v - p = 7*x, 4*v + 3197 = 5*x. Is x a prime number?
True
Let d(s) = 49*s**2 + 10*s + 7. Let g be d(5). Suppose 3*m - 3*b = 768, -5*m = -2*b - b - g. Is m prime?
True
Let o be 5/30 - 1/6. Suppose 4*z = o, -5*a = z - 130 - 1195. Is a a prime number?
False
Suppose -2812 - 7268 = -4*h. Suppose 4*y + 892 = 4*w + h, 4*w = -3*y + 1235. Is y a composite number?
False
Let k(n) = -124*n - 15. Let o be k(-7). Suppose 890 = 7*f - o. Is f a composite number?
True
Is 2004/16 - (-54)/(-24) prime?
False
Let a = 16 + 53. Suppose d + 0*l - 70 = -4*l, 5*l = -d + a. Is d a composite number?
True
Is 9 + 29572 + 130/13 prime?
False
Is ((-2)/3)/((-14)/342951*7) a composite number?
False
Is (319/22)/(-3 - (-172)/56) a prime number?
False
Let v = 2577 + -1380. Suppose 0 = -4*k - 137 + v. Is k prime?
False
Suppose -240*u + 253*u - 6383 = 0. Is u prime?
True
Let t = -243 + 164. Let v = t + 115. Let p = v + 121. Is p a composite number?
False
Let q(g) = g**3 + 17*g**2 + 7*g + 5. Let p be (24/(-15))/((-3)/(-30)). Let h = p + 0. Is q(h) composite?
False
Let b(l) = 23*l - 11. Suppose -32*g = -28*g - 72. Is b(g) a composite number?
True
Let n(z) be the second derivative of 7*z**4/3 - z**2/2 - 3*z. Let s be n(1). Let o = s - 4. Is o a prime number?
True
Let s(o) = 9*o**2 - 23*o + 3. Let r(b) = -6*b**2 + 15*b - 2. Let f(w) = -8*r(w) - 5*s(w). Suppose -17*k + 8*k = 36. Is f(k) composite?
True
Let u(g) = -7*g + 12. Let s be u(-10). Let v = s - -475. Is v a composite number?
False
Suppose -7 = q + r, q - r + 1 = -2*q. Is (q/3)/((-42)/910161) a prime number?
True
Let r(g) = -10*g**3 - 3*g**2 + 16*g + 8. Let l be r(-6). Suppose -4*v + 2473 = 5*b - 0*v, -4*b + l = -4*v. Is b prime?
False
Let i(r) = 41*r - 7. Let c = 16 - 13. Let b be i(c). Let s = -47 + b. Is s a prime number?
False
Let h(g) be the first derivative of g**4/4 - 2*g**3 - 15*g**2/2 + 55*g - 19. Is h(9) a prime number?
True
Let y = -523 - -2180. Is y composite?
False
Suppose -47 = -l - 3*d, 3*l - 155 = -2*d - 0*d. Let y(j) = -1 + 98*j**2 + 68*j**2 + l*j**2 + j. Is y(1) a prime number?
False
Let z(w) = -2*w + 1. Let d be z(-3). Let m = d + -3. Is (-78)/24*m/(-1) a prime number?
True
Is ((-2)/8)/((-1)/6824) composite?
True
Let s be (-200)/30*(-6)/8. Suppose f - 6*f + v + 1287 = 0, -3*f - s*v + 761 = 0. Is f a prime number?
True
Suppose 27103 = 5*u + 3*d - 2881, 0 = 5*u - 3*d - 29996. Is u prime?
False
Let q(x) = 7*x**2 + 15*x**2 - 23 - 3*x - 5*x**3 - 2*x + 4*x**3. Is q(19) composite?
True
Let o = 2727 - -17596. Is o prime?
True
Suppose 4*a - 24 = 2*a. Suppose -u - 44 = -a. Let s = 57 + u. Is s composite?
True
Let i(w) = -w**2 - w. Suppose 36 = -2*z - 4*z. Let m(l) = 2*l**3 - 13*l**2 - 11*l - 6. Let a(c) = z*i(c) + m(c). Is a(7) composite?
True
Let c(x) = 253*x**2 - 18*x + 2. Is c(-3) prime?
True
Let t(l) = -21*l + 0 - 10*l + 6 - 15. Is t(-6) a prime number?
False
Let s(i) = i**3 - 5*i**2 - 39*i - 39. Is s(16) a prime number?
True
Is (33/(-15))/(((-2)/(-5))/(-2)) a prime number?
True
Let f = 4 - 8. Let d be 120/28 - 0 - 6/21. Is d/f - -147 - -3 a composite number?
False
Suppose -3*s = s. Let n(v) = -3 - 14*v + s + 7 + 3. Is n(-8) a prime number?
False
Let c(f) = -1942*f + 203. Is c(-5) a prime number?
False
Let c be (2 - 2)*(-3)/9. Suppose -5*d + 265 = -5*s, c*s = -2*d + 3*s + 104. Is d prime?
False
Let f be (-6)/(-4) - (-2386)/(-4). Let c = f + 978. Let r = c - 62. Is r composite?
True
Suppose a + 6 = -2*a. Let r be (-6498)/(-24) - a/8. Suppose -y + 2*k = -4*y + r, -3*k + 450 = 5*y. Is y composite?
True
Let q be 5/(-20) - 534/8. Let s = -32 - q. Is (42/s)/(2/25) a prime number?
False
Suppose -i = -5*i + 20. Let g = i - 2. Is (-717)/9*(-9)/g composite?
False
Let p = 14 - 14. Is -11*(-6 + p + 3) a composite number?
True
Let h(u) be the second derivative of 37*u**3/6 - 11*u. Is h(5) prime?
False
Suppose 0*k = -5*k + 2*l + 6715, 0 = -4*k + 3*l + 5372. Is k composite?
True
Let k be (-6)/(-12) - 41/(-2) - 3. Is 4092/2 + (19 - k) a prime number?
False
Let v(d) = -d**3 + 10*d**2 + 12*d - 6. Let w be v(11). Suppose -2*u + 4*y + 122 + 380 = 0, 0 = -u - w*y + 258. Is u composite?
True
Let u = -14 + 17. Suppose 0*y - 561 = -u*y. Is y prime?
False
Is 6/(126/2569)*57 a prime number?
False
Let p(h) = h**2 - 4*h + 2. Let w(n) = 3*n**3 - n**2 - 2*n. Let c be w(2). Let j(o) = o - 11. Let i be j(c). Is p(i) a composite number?
False
Let b(w) = -w + 3. Let u be b(0). Suppose 0 = -u*h + 62 + 493. Is h prime?
False
Let c(o) be the second derivative of 65*o**4/6 + o**2/2 + 11*o. Is c(1) prime?
True
Let t(v) = 4007*v**2 - 39*v - 73. Is t(-2) a composite number?
Fal